{"id":2633,"date":"2026-03-11T19:11:31","date_gmt":"2026-03-11T19:11:31","guid":{"rendered":"https:\/\/camp-der-fantasie.de\/?page_id=2633"},"modified":"2026-03-11T19:13:31","modified_gmt":"2026-03-11T19:13:31","slug":"zeltplatz-haeuptleswiese","status":"publish","type":"page","link":"https:\/\/camp-der-fantasie.de\/?page_id=2633","title":{"rendered":"Zeltplatz H\u00e4uptleswiese"},"content":{"rendered":"\n<h2 class=\"wp-block-heading\">Kaisersbach\/Welzheimer Wald<\/h2>\n\n\n\n<p>Der Zeltplatz H\u00e4uptleswiese von ForstBW ist perfekt f\u00fcr ein Zeltlager, mitten in der Natur, ausgestattet.<\/p>\n\n\n\n<p>\u00b7&nbsp;Terrassenf\u00f6rmiger Zeltplatz<\/p>\n\n\n\n<p>\u00b7&nbsp;Feste Aufenthaltshalle<\/p>\n\n\n\n<p>\u00b7&nbsp;\u00dcberdachte Feuerstelle<\/p>\n\n\n\n<p>\u00b7&nbsp;Gro\u00dfz\u00fcgige Terrassen f\u00fcr die Schlafzelte<\/p>\n\n\n\n<p>\u00b7&nbsp;Waschhaus mit Duschen und WCs, getrennt nach M\u00e4dchen und Jungen<\/p>\n\n\n\n<figure class=\"wp-block-gallery has-nested-images columns-default is-cropped wp-block-gallery-1 is-layout-flex wp-block-gallery-is-layout-flex\">\n<figure class=\"wp-block-image size-large\"><img loading=\"lazy\" decoding=\"async\" width=\"320\" height=\"240\" data-id=\"2636\" src=\"https:\/\/camp-der-fantasie.de\/wp-content\/uploads\/2026\/03\/IMG_8555.jpg\" alt=\"\" class=\"wp-image-2636\" srcset=\"https:\/\/camp-der-fantasie.de\/wp-content\/uploads\/2026\/03\/IMG_8555.jpg 320w, https:\/\/camp-der-fantasie.de\/wp-content\/uploads\/2026\/03\/IMG_8555-300x225.jpg 300w\" sizes=\"(max-width: 320px) 100vw, 320px\" \/><\/figure>\n\n\n\n<figure class=\"wp-block-image size-large\"><img loading=\"lazy\" decoding=\"async\" width=\"320\" height=\"240\" data-id=\"2635\" src=\"https:\/\/camp-der-fantasie.de\/wp-content\/uploads\/2026\/03\/IMG_8642.jpg\" alt=\"\" class=\"wp-image-2635\" srcset=\"https:\/\/camp-der-fantasie.de\/wp-content\/uploads\/2026\/03\/IMG_8642.jpg 320w, https:\/\/camp-der-fantasie.de\/wp-content\/uploads\/2026\/03\/IMG_8642-300x225.jpg 300w\" sizes=\"(max-width: 320px) 100vw, 320px\" \/><\/figure>\n\n\n\n<figure class=\"wp-block-image size-large\"><img loading=\"lazy\" decoding=\"async\" width=\"320\" height=\"240\" data-id=\"2634\" src=\"https:\/\/camp-der-fantasie.de\/wp-content\/uploads\/2026\/03\/IMG_8558.jpg\" alt=\"\" class=\"wp-image-2634\" srcset=\"https:\/\/camp-der-fantasie.de\/wp-content\/uploads\/2026\/03\/IMG_8558.jpg 320w, https:\/\/camp-der-fantasie.de\/wp-content\/uploads\/2026\/03\/IMG_8558-300x225.jpg 300w\" sizes=\"(max-width: 320px) 100vw, 320px\" \/><\/figure>\n\n\n\n<figure class=\"wp-block-image size-large\"><img loading=\"lazy\" decoding=\"async\" width=\"1024\" height=\"683\" data-id=\"2580\" src=\"https:\/\/camp-der-fantasie.de\/wp-content\/uploads\/2025\/08\/DSC04224-1024x683.jpg\" alt=\"\" class=\"wp-image-2580\" srcset=\"https:\/\/camp-der-fantasie.de\/wp-content\/uploads\/2025\/08\/DSC04224-1024x683.jpg 1024w, https:\/\/camp-der-fantasie.de\/wp-content\/uploads\/2025\/08\/DSC04224-300x200.jpg 300w, https:\/\/camp-der-fantasie.de\/wp-content\/uploads\/2025\/08\/DSC04224-768x512.jpg 768w, https:\/\/camp-der-fantasie.de\/wp-content\/uploads\/2025\/08\/DSC04224-391x260.jpg 391w, https:\/\/camp-der-fantasie.de\/wp-content\/uploads\/2025\/08\/DSC04224-1536x1024.jpg 1536w, https:\/\/camp-der-fantasie.de\/wp-content\/uploads\/2025\/08\/DSC04224-2048x1365.jpg 2048w, https:\/\/camp-der-fantasie.de\/wp-content\/uploads\/2025\/08\/DSC04224-120x80.jpg 120w\" sizes=\"(max-width: 1024px) 100vw, 1024px\" \/><\/figure>\n<\/figure>\n","protected":false},"excerpt":{"rendered":"<p>Kaisersbach\/Welzheimer Wald Der Zeltplatz H\u00e4uptleswiese von ForstBW ist perfekt f\u00fcr ein Zeltlager, mitten in der Natur, ausgestattet. \u00b7&nbsp;Terrassenf\u00f6rmiger Zeltplatz \u00b7&nbsp;Feste<\/p>\n","protected":false},"author":1,"featured_media":2615,"parent":0,"menu_order":0,"comment_status":"closed","ping_status":"closed","template":"","meta":{"ngg_post_thumbnail":0,"footnotes":""},"_links":{"self":[{"href":"https:\/\/camp-der-fantasie.de\/index.php?rest_route=\/wp\/v2\/pages\/2633"}],"collection":[{"href":"https:\/\/camp-der-fantasie.de\/index.php?rest_route=\/wp\/v2\/pages"}],"about":[{"href":"https:\/\/camp-der-fantasie.de\/index.php?rest_route=\/wp\/v2\/types\/page"}],"author":[{"embeddable":true,"href":"https:\/\/camp-der-fantasie.de\/index.php?rest_route=\/wp\/v2\/users\/1"}],"replies":[{"embeddable":true,"href":"https:\/\/camp-der-fantasie.de\/index.php?rest_route=%2Fwp%2Fv2%2Fcomments&post=2633"}],"version-history":[{"count":2,"href":"https:\/\/camp-der-fantasie.de\/index.php?rest_route=\/wp\/v2\/pages\/2633\/revisions"}],"predecessor-version":[{"id":2640,"href":"https:\/\/camp-der-fantasie.de\/index.php?rest_route=\/wp\/v2\/pages\/2633\/revisions\/2640"}],"wp:featuredmedia":[{"embeddable":true,"href":"https:\/\/camp-der-fantasie.de\/index.php?rest_route=\/wp\/v2\/media\/2615"}],"wp:attachment":[{"href":"https:\/\/camp-der-fantasie.de\/index.php?rest_route=%2Fwp%2Fv2%2Fmedia&parent=2633"}],"curies":[{"name":"wp","href":"https:\/\/api.w.org\/{rel}","templated":true}]}}

Zeltplatz Häuptleswiese

<h2 class="wp-block-heading">Kaisersbach/Welzheimer Wald</h2>



<p>Der Zeltplatz Häuptleswiese von ForstBW ist perfekt für ein Zeltlager, mitten in der Natur, ausgestattet.</p>



<p>·&nbsp;Terrassenförmiger Zeltplatz</p>



<p>·&nbsp;Feste Aufenthaltshalle</p>



<p>·&nbsp;Überdachte Feuerstelle</p>



<p>·&nbsp;Großzügige Terrassen für die Schlafzelte</p>



<p>·&nbsp;Waschhaus mit Duschen und WCs, getrennt nach Mädchen und Jungen</p>



<figure class="wp-block-gallery has-nested-images columns-default is-cropped wp-block-gallery-1 is-layout-flex wp-block-gallery-is-layout-flex">
<figure class="wp-block-image size-large"><img loading="lazy" decoding="async" width="320" height="240" data-id="2636" src="https://camp-der-fantasie.de/wp-content/uploads/2026/03/IMG_8555.jpg" alt="" class="wp-image-2636" srcset="https://camp-der-fantasie.de/wp-content/uploads/2026/03/IMG_8555.jpg 320w, https://camp-der-fantasie.de/wp-content/uploads/2026/03/IMG_8555-300x225.jpg 300w" sizes="(max-width: 320px) 100vw, 320px" /></figure>



<figure class="wp-block-image size-large"><img loading="lazy" decoding="async" width="320" height="240" data-id="2635" src="https://camp-der-fantasie.de/wp-content/uploads/2026/03/IMG_8642.jpg" alt="" class="wp-image-2635" srcset="https://camp-der-fantasie.de/wp-content/uploads/2026/03/IMG_8642.jpg 320w, https://camp-der-fantasie.de/wp-content/uploads/2026/03/IMG_8642-300x225.jpg 300w" sizes="(max-width: 320px) 100vw, 320px" /></figure>



<figure class="wp-block-image size-large"><img loading="lazy" decoding="async" width="320" height="240" data-id="2634" src="https://camp-der-fantasie.de/wp-content/uploads/2026/03/IMG_8558.jpg" alt="" class="wp-image-2634" srcset="https://camp-der-fantasie.de/wp-content/uploads/2026/03/IMG_8558.jpg 320w, https://camp-der-fantasie.de/wp-content/uploads/2026/03/IMG_8558-300x225.jpg 300w" sizes="(max-width: 320px) 100vw, 320px" /></figure>



<figure class="wp-block-image size-large"><img loading="lazy" decoding="async" width="1024" height="683" data-id="2580" src="https://camp-der-fantasie.de/wp-content/uploads/2025/08/DSC04224-1024x683.jpg" alt="" class="wp-image-2580" srcset="https://camp-der-fantasie.de/wp-content/uploads/2025/08/DSC04224-1024x683.jpg 1024w, https://camp-der-fantasie.de/wp-content/uploads/2025/08/DSC04224-300x200.jpg 300w, https://camp-der-fantasie.de/wp-content/uploads/2025/08/DSC04224-768x512.jpg 768w, https://camp-der-fantasie.de/wp-content/uploads/2025/08/DSC04224-391x260.jpg 391w, https://camp-der-fantasie.de/wp-content/uploads/2025/08/DSC04224-1536x1024.jpg 1536w, https://camp-der-fantasie.de/wp-content/uploads/2025/08/DSC04224-2048x1365.jpg 2048w, https://camp-der-fantasie.de/wp-content/uploads/2025/08/DSC04224-120x80.jpg 120w" sizes="(max-width: 1024px) 100vw, 1024px" /></figure>
</figure>

<p>Kaisersbach/Welzheimer Wald Der Zeltplatz Häuptleswiese von ForstBW ist perfekt für ein Zeltlager, mitten in der Natur, ausgestattet. ·&nbsp;Terrassenförmiger Zeltplatz ·&nbsp;Feste</p>
