{"id":2611,"date":"2026-03-11T18:38:55","date_gmt":"2026-03-11T18:38:55","guid":{"rendered":"https:\/\/camp-der-fantasie.de\/?page_id=2611"},"modified":"2026-03-11T18:39:39","modified_gmt":"2026-03-11T18:39:39","slug":"camp-der-fantasie-2026-daten-im-ueberblick","status":"publish","type":"page","link":"https:\/\/camp-der-fantasie.de\/?page_id=2611","title":{"rendered":"Camp der Fantasie 2026 &#8211; Daten im \u00dcberblick"},"content":{"rendered":"\n<figure class=\"wp-block-table\"><table><tbody><tr><td><strong>Zeltplatz<\/strong>:<br>Jugendzeltplatz H\u00e4uptleswiese,<br>Kaiserbach Welzheimer Wald<br><a href=\"https:\/\/maps.app.goo.gl\/3B79ZvvU8rcFV9hEA\">https:\/\/maps.app.goo.gl\/3B79ZvvU8rcFV9hEA<\/a><\/td><\/tr><tr><td><strong>f\u00fcr M\u00e4dchen und Jungen von 8 bis 14 Jahren<\/strong> <br>(15 Jahre bei Bereitschaft n\u00e4chstes Jahr als Mitarbeiter*in dabei zu sein)<\/td><\/tr><tr><td><strong>Anreise<\/strong><br><strong>Sonntag, 16.August 2026 &#8211; 16:00 Uhr <\/strong>(in eigener Regie)<\/td><\/tr><tr><td><strong>Abschlussveranstaltung\/ Abholung:<\/strong><br>S<strong>amstag, 22. August 2026 &#8211; 14 Uhr<\/strong><\/td><\/tr><tr><td><strong>Teilnahmebeitrag:<\/strong><br>\u20ac 180,&#8211; pro Kind<br>Jedes weitere Kind \u20ac 150,&#8211;<br>bei AWO-Mitgliedschaft:&nbsp; \u20ac 150,&#8211;<\/td><\/tr><tr><td><strong>Taschengeld:<\/strong><br>\u20ac 25,\u2014 (Empfehlung)<\/td><\/tr><tr><td><strong>Anmeldung:<\/strong><br><a href=\"https:\/\/anmeldung-awo-cdf.de\/\">anmeldung-awo-cdf.de <\/a><\/td><\/tr><tr><td><strong>Kontakt:<\/strong><br>AWO Kreisverband G\u00f6ppingen e.V., Jugendwerk,<br>Rosenstr. 20, 73033 G\u00f6ppingen &nbsp;&nbsp;&nbsp;<br>Tel. 07161\/ 9612311\u2014<a href=\"mailto:info@awo-cdf.de\">info@awo-cdf.de<\/a><\/td><\/tr><\/tbody><\/table><\/figure>\n\n\n\n<figure class=\"wp-block-image size-full\"><img loading=\"lazy\" decoding=\"async\" width=\"746\" height=\"498\" src=\"https:\/\/camp-der-fantasie.de\/wp-content\/uploads\/2026\/03\/karteZeltplatz-1.jpg\" alt=\"\" class=\"wp-image-2618\" srcset=\"https:\/\/camp-der-fantasie.de\/wp-content\/uploads\/2026\/03\/karteZeltplatz-1.jpg 746w, https:\/\/camp-der-fantasie.de\/wp-content\/uploads\/2026\/03\/karteZeltplatz-1-300x200.jpg 300w, https:\/\/camp-der-fantasie.de\/wp-content\/uploads\/2026\/03\/karteZeltplatz-1-391x260.jpg 391w, https:\/\/camp-der-fantasie.de\/wp-content\/uploads\/2026\/03\/karteZeltplatz-1-120x80.jpg 120w\" sizes=\"(max-width: 746px) 100vw, 746px\" \/><\/figure>\n","protected":false},"excerpt":{"rendered":"<p>Zeltplatz:Jugendzeltplatz H\u00e4uptleswiese,Kaiserbach Welzheimer Waldhttps:\/\/maps.app.goo.gl\/3B79ZvvU8rcFV9hEA f\u00fcr M\u00e4dchen und Jungen von 8 bis 14 Jahren (15 Jahre bei Bereitschaft n\u00e4chstes Jahr als<\/p>\n","protected":false},"author":1,"featured_media":2615,"parent":0,"menu_order":0,"comment_status":"closed","ping_status":"closed","template":"","meta":{"ngg_post_thumbnail":0,"footnotes":""},"_links":{"self":[{"href":"https:\/\/camp-der-fantasie.de\/index.php?rest_route=\/wp\/v2\/pages\/2611"}],"collection":[{"href":"https:\/\/camp-der-fantasie.de\/index.php?rest_route=\/wp\/v2\/pages"}],"about":[{"href":"https:\/\/camp-der-fantasie.de\/index.php?rest_route=\/wp\/v2\/types\/page"}],"author":[{"embeddable":true,"href":"https:\/\/camp-der-fantasie.de\/index.php?rest_route=\/wp\/v2\/users\/1"}],"replies":[{"embeddable":true,"href":"https:\/\/camp-der-fantasie.de\/index.php?rest_route=%2Fwp%2Fv2%2Fcomments&post=2611"}],"version-history":[{"count":6,"href":"https:\/\/camp-der-fantasie.de\/index.php?rest_route=\/wp\/v2\/pages\/2611\/revisions"}],"predecessor-version":[{"id":2622,"href":"https:\/\/camp-der-fantasie.de\/index.php?rest_route=\/wp\/v2\/pages\/2611\/revisions\/2622"}],"wp:featuredmedia":[{"embeddable":true,"href":"https:\/\/camp-der-fantasie.de\/index.php?rest_route=\/wp\/v2\/media\/2615"}],"wp:attachment":[{"href":"https:\/\/camp-der-fantasie.de\/index.php?rest_route=%2Fwp%2Fv2%2Fmedia&parent=2611"}],"curies":[{"name":"wp","href":"https:\/\/api.w.org\/{rel}","templated":true}]}}

Camp der Fantasie 2026 &#8211; Daten im Überblick

<figure class="wp-block-table"><table><tbody><tr><td><strong>Zeltplatz</strong>:<br>Jugendzeltplatz Häuptleswiese,<br>Kaiserbach Welzheimer Wald<br><a href="https://maps.app.goo.gl/3B79ZvvU8rcFV9hEA">https://maps.app.goo.gl/3B79ZvvU8rcFV9hEA</a></td></tr><tr><td><strong>für Mädchen und Jungen von 8 bis 14 Jahren</strong> <br>(15 Jahre bei Bereitschaft nächstes Jahr als Mitarbeiter*in dabei zu sein)</td></tr><tr><td><strong>Anreise</strong><br><strong>Sonntag, 16.August 2026 &#8211; 16:00 Uhr </strong>(in eigener Regie)</td></tr><tr><td><strong>Abschlussveranstaltung/ Abholung:</strong><br>S<strong>amstag, 22. August 2026 &#8211; 14 Uhr</strong></td></tr><tr><td><strong>Teilnahmebeitrag:</strong><br>€ 180,&#8211; pro Kind<br>Jedes weitere Kind € 150,&#8211;<br>bei AWO-Mitgliedschaft:&nbsp; € 150,&#8211;</td></tr><tr><td><strong>Taschengeld:</strong><br>€ 25,— (Empfehlung)</td></tr><tr><td><strong>Anmeldung:</strong><br><a href="https://anmeldung-awo-cdf.de/">anmeldung-awo-cdf.de </a></td></tr><tr><td><strong>Kontakt:</strong><br>AWO Kreisverband Göppingen e.V., Jugendwerk,<br>Rosenstr. 20, 73033 Göppingen &nbsp;&nbsp;&nbsp;<br>Tel. 07161/ 9612311—<a href="mailto:info@awo-cdf.de">info@awo-cdf.de</a></td></tr></tbody></table></figure>



<figure class="wp-block-image size-full"><img loading="lazy" decoding="async" width="746" height="498" src="https://camp-der-fantasie.de/wp-content/uploads/2026/03/karteZeltplatz-1.jpg" alt="" class="wp-image-2618" srcset="https://camp-der-fantasie.de/wp-content/uploads/2026/03/karteZeltplatz-1.jpg 746w, https://camp-der-fantasie.de/wp-content/uploads/2026/03/karteZeltplatz-1-300x200.jpg 300w, https://camp-der-fantasie.de/wp-content/uploads/2026/03/karteZeltplatz-1-391x260.jpg 391w, https://camp-der-fantasie.de/wp-content/uploads/2026/03/karteZeltplatz-1-120x80.jpg 120w" sizes="(max-width: 746px) 100vw, 746px" /></figure>

<p>Zeltplatz:Jugendzeltplatz Häuptleswiese,Kaiserbach Welzheimer Waldhttps://maps.app.goo.gl/3B79ZvvU8rcFV9hEA für Mädchen und Jungen von 8 bis 14 Jahren (15 Jahre bei Bereitschaft nächstes Jahr als</p>
