{"id":2505,"date":"2025-02-02T08:26:59","date_gmt":"2025-02-02T08:26:59","guid":{"rendered":"https:\/\/camp-der-fantasie.de\/?page_id=2505"},"modified":"2025-02-02T08:26:59","modified_gmt":"2025-02-02T08:26:59","slug":"wir-danken-unseren-sponsoren","status":"publish","type":"page","link":"https:\/\/camp-der-fantasie.de\/?page_id=2505","title":{"rendered":"Wir danken unseren Sponsoren"},"content":{"rendered":"\n<figure class=\"wp-block-image size-full\"><img loading=\"lazy\" decoding=\"async\" width=\"458\" height=\"256\" src=\"https:\/\/camp-der-fantasie.de\/wp-content\/uploads\/2025\/02\/foerderer.png\" alt=\"\" class=\"wp-image-2506\" srcset=\"https:\/\/camp-der-fantasie.de\/wp-content\/uploads\/2025\/02\/foerderer.png 458w, https:\/\/camp-der-fantasie.de\/wp-content\/uploads\/2025\/02\/foerderer-300x168.png 300w\" sizes=\"(max-width: 458px) 100vw, 458px\" \/><\/figure>\n\n\n\n<p><a href=\"https:\/\/www.landkreis-goeppingen.de\/landratsamt\/aemter\/kreisjugendamt\">Landkreis G\u00f6ppingen, Kreisjugendplan <\/a><\/p>\n\n\n\n<p><a href=\"https:\/\/www.alb-traum-100.de\/\">Albtraum 100 &#8211; Benefiz-Ultratrail<\/a><\/p>\n\n\n\n<p><a href=\"https:\/\/www.aktion-mensch.de\/\">Aktion Mensch<\/a><\/p>\n\n\n\n<p><a href=\"https:\/\/awo-gp-vorort.de\/\">AWO Ortsvereine im Kreis G\u00f6ppingen<\/a><\/p>\n\n\n\n<p><a href=\"https:\/\/awo-gp-vorort.de\/\">NWZ Aktion Gute Taten<\/a><\/p>\n\n\n\n<p><a href=\"https:\/\/rp.baden-wuerttemberg.de\/themen\/wirtschaft\/foerderungen\/fb80\/jugenderholung\/\">Landesjugendplan Baden-W\u00fcrttemberg<\/a><\/p>\n","protected":false},"excerpt":{"rendered":"<p>Landkreis G\u00f6ppingen, Kreisjugendplan Albtraum 100 &#8211; Benefiz-Ultratrail Aktion Mensch AWO Ortsvereine im Kreis G\u00f6ppingen NWZ Aktion Gute Taten Landesjugendplan Baden-W\u00fcrttemberg<\/p>\n","protected":false},"author":1,"featured_media":0,"parent":0,"menu_order":0,"comment_status":"closed","ping_status":"closed","template":"","meta":{"ngg_post_thumbnail":0,"footnotes":""},"_links":{"self":[{"href":"https:\/\/camp-der-fantasie.de\/index.php?rest_route=\/wp\/v2\/pages\/2505"}],"collection":[{"href":"https:\/\/camp-der-fantasie.de\/index.php?rest_route=\/wp\/v2\/pages"}],"about":[{"href":"https:\/\/camp-der-fantasie.de\/index.php?rest_route=\/wp\/v2\/types\/page"}],"author":[{"embeddable":true,"href":"https:\/\/camp-der-fantasie.de\/index.php?rest_route=\/wp\/v2\/users\/1"}],"replies":[{"embeddable":true,"href":"https:\/\/camp-der-fantasie.de\/index.php?rest_route=%2Fwp%2Fv2%2Fcomments&post=2505"}],"version-history":[{"count":1,"href":"https:\/\/camp-der-fantasie.de\/index.php?rest_route=\/wp\/v2\/pages\/2505\/revisions"}],"predecessor-version":[{"id":2508,"href":"https:\/\/camp-der-fantasie.de\/index.php?rest_route=\/wp\/v2\/pages\/2505\/revisions\/2508"}],"wp:attachment":[{"href":"https:\/\/camp-der-fantasie.de\/index.php?rest_route=%2Fwp%2Fv2%2Fmedia&parent=2505"}],"curies":[{"name":"wp","href":"https:\/\/api.w.org\/{rel}","templated":true}]}}